 1639663 a composite number?
False
Is 83859539 a composite number?
False
Is 19321339 prime?
False
Is 1801013 composite?
False
Is 21660715 a composite number?
True
Is 110231699 composite?
False
Is 3635003 a composite number?
True
Is 253150907 composite?
True
Is 10748251 a composite number?
True
Is 13505353 prime?
True
Is 31879061 prime?
False
Is 1120464767 a composite number?
False
Is 738515 a composite number?
True
Is 95255939 prime?
True
Is 38103951 composite?
True
Is 226729553 composite?
True
Is 198920035 a composite number?
True
Is 378598321 prime?
False
Is 1083941 composite?
False
Is 122843153 prime?
True
Is 637037147 a composite number?
False
Is 4262777 composite?
False
Is 43677971 a prime number?
False
Is 22599917 composite?
False
Is 4328645 a prime number?
False
Is 9779707 prime?
False
Is 4448021 composite?
False
Is 591013853 prime?
False
Is 196205657 composite?
False
Is 2522803 a composite number?
True
Is 17732797 prime?
False
Is 7053521 prime?
False
Is 13074773 a composite number?
False
Is 1403033 composite?
True
Is 13062929 a composite number?
True
Is 14148077 composite?
False
Is 541701667 composite?
True
Is 23882591 a composite number?
True
Is 1594231 composite?
True
Is 20030203 prime?
True
Is 183911779 composite?
False
Is 185155241 composite?
False
Is 14962001 composite?
False
Is 4718837 a prime number?
True
Is 46041983 prime?
False
Is 4565417 a prime number?
False
Is 6131107 prime?
False
Is 406717 a composite number?
False
Is 196637789 prime?
True
Is 63514111 prime?
True
Is 1663661 a composite number?
True
Is 15549547 composite?
True
Is 8335589 a prime number?
False
Is 132270851 a composite number?
True
Is 1596743 a prime number?
True
Is 5608461 a prime number?
False
Is 5211803 a prime number?
True
Is 54216361 a composite number?
False
Is 1822454041 a prime number?
True
Is 7932307 a prime number?
True
Is 5395591 composite?
True
Is 2868269 composite?
True
Is 5454597 a composite number?
True
Is 9945443 a composite number?
False
Is 10353643 composite?
False
Is 17873371 a prime number?
True
Is 198438473 a prime number?
False
Is 125269057 a composite number?
True
Is 1337293 a composite number?
False
Is 3241907 a composite number?
True
Is 150325333 composite?
True
Is 4422667 prime?
True
Is 515815219 a composite number?
True
Is 421783 composite?
False
Is 12032509 a prime number?
True
Is 84623389 prime?
True
Is 517489667 prime?
True
Is 5583727 a prime number?
True
Is 69569881 a composite number?
False
Is 26928455 composite?
True
Is 342018241 a prime number?
True
Is 35503877 prime?
True
Is 2415763 a prime number?
False
Is 910820099 composite?
True
Is 16400669 prime?
True
Is 5046961 composite?
False
Is 3760013 composite?
True
Is 26103863 a composite number?
False
Is 5342179 prime?
True
Is 3595699 composite?
False
Is 1290379 composite?
False
Is 32819903 a composite number?
False
Is 7306253 a composite number?
True
Is 718108627 composite?
False
Is 31781293 composite?
True
Is 105577877 composite?
False
Is 67171009 a prime number?
True
Is 81580733 a composite number?
True
Is 564593 prime?
True
Is 2062859 a composite number?
False
Is 49956541 a composite number?
False
Is 27251941 a prime number?
False
Is 3648863 prime?
False
Is 276019539 composite?
True
Is 1944401 composite?
False
Is 86766377 prime?
True
Is 22964321 a composite number?
True
Is 68127391 prime?
True
Is 2454367 a composite number?
False
Is 2494913 a composite number?
False
Is 5264983 a prime number?
False
Is 148360517 a composite number?
False
Is 12031561 a composite number?
False
Is 108718331 prime?
True
Is 15926411 composite?
False
Is 3123074 composite?
True
Is 18539621 composite?
False
Is 1065307 a composite number?
False
Is 3622447 a composite number?
True
Is 2024861 a prime number?
True
Is 2792753 a composite number?
True
Is 26290781 composite?
True
Is 3251719 a composite number?
True
Is 55757 a composite number?
True
Is 28003421 a composite number?
False
Is 497293 a prime number?
False
Is 2099113 a composite number?
True
Is 136567 a composite number?
True
Is 21029347 a composite number?
False
Is 74681101 a composite number?
True
Is 19349501 a composite number?
False
Is 511789297 prime?
True
Is 1867441 a prime number?
False
Is 215046791 composite?
True
Is 7117862 a prime number?
False
Is 296727949 prime?
False
Is 11402627 prime?
True
Is 33804571 composite?
False
Is 358751579 prime?
True
Is 950009 composite?
False
Is 1369723 a composite number?
False
Is 613534763 a prime number?
True
Is 9435145 a composite number?
True
Is 2700991 a prime number?
False
Is 99082021 a prime number?
False
Is 105290599 composite?
True
Is 4242621 a prime number?
False
Is 1836011 a composite number?
False
Is 1084021 composite?
True
Is 837919 prime?
False
Is 18560767 prime?
False
Is 12664073 a prime number?
False
Is 28901309 prime?
False
Is 83156627 composite?
True
Is 4536337 a composite number?
True
Is 160965193 composite?
False
Is 5561321 a prime number?
True
Is 258876861 prime?
False
Is 14709293 a prime number?
False
Is 462443 a prime number?
True
Is 897770329 a composite number?
False
Is 2872147 a composite number?
True
Is 721733 prime?
True
Is 5736911 a composite number?
False
Is 67632385 a prime number?
False
Is 136279591 a composite number?
True
Is 3596473 a prime number?
False
Is 5726933 a prime number?
True
Is 11256587 a prime number?
False
Is 108800227 a composite number?
True
Is 518609991 composite?
True
Is 18559531 a prime number?
False
Is 2336053 prime?
True
Is 1462947 prime?
False
Is 37541969 a prime number?
True
Is 29838667 prime?
False
Is 3156189 a composite number?
True
Is 74402411 a prime number?
True
Is 744928243 a prime number?
True
Is 1326392495 a prime number?
False
Is 8576083 prime?
False
Is 11934791 prime?
False
Is 32039857 composite?
True
Is 834613487 a prime number?
False
Is 34592099 a composite number?
True
Is 153943469 a composite number?
True
Is 826945891 a composite number?
False
Is 128472937 a prime number?
True
Is 8035849 prime?
False
Is 2575291 composite?
True
Is 642347 a composite number?
True
Is 45875789 a prime number?
True
Is 172776757 composite?
True
Is 47096179 a composite number?
True
Is 19712857 composite?
False
Is 5154049 prime?
True
Is 18890537 composite?
False
Is 113065 prime?
False
Is 387147691 composite?
True
Is 64256573 prime?
False
Is 2427119 a composite number?
True
Is 12588259 a composite number?
True
Is 105269249 prime?
True
Is 11642773 a composite number?
True
Is 34174909 a prime number?
True
Is 3096017 prime?
True
Is 13786217 composite?
True
Is 621064249 a composite number?
True
Is 2616823949 a prime number?
True
Is 34126331 composite?
False
Is 9479411 composite?
False
Is 2006013 a composite number?
True
Is 11014807 prime?
True
Is 4144849 composite?
False
Is 22992863 prime?
True
Is 6885091 a prime number?
True
Is 10552649 prime?
True
Is 9496477 composite?
True
Is 44220023 a composite number?
False
Is 94653619 a prime number?
False
Is 63075317 a prime number?
False
Is 78900061 a prime number?
True
Is 1002957 prime?
False
Is 10351741 prime?
True
Is 62084849 prime?
True
Is 534229 a composite number?
False
Is 190431149 prime?
True
Is 341048297 a composite number?
False
Is 64450973 a composite number?
False
Is 2006779 composite?
False
Is 14501719 composite?
False
Is 511259063 composite?
True
Is 2517457 composite?
False
Is 5387867 composite?
False
Is 583603 a composite number?
False
Is 1618387 a composite number?
False
Is 6476131 prime?
False
Is 180122323 a composite number?
False
Is 37122787 prime?
False
Is 36725677 prime?
False
Is 139437283 a composite number?
False
Is 92444333 prime?
False
Is 8617841 prime?
False
Is 521617 a composite number?
True
Is 6236687 composite?
False
Is 11588783 a composite number?
False
Is 39235297 a composite number?
False
Is 58196711 composite?
True
Is 8446391 composite?
False
Is 108316919 composite?
False
Is 142837 composite?
False
Is 919099 a composite number?
True
Is 342011 prime?
False
Is 90186727 a composite number?
False
Is 103149133 a composite number?
False
Is 24763537 a composite number?
True
Is 28667495 composite?
True
Is 98236885 a prime number?
False
Is 484707 prime?
False
Is 114037993 prime?
True
Is 4435223 a prime number?
False
Is 8685517 a composite number?
False
Is 6333974 prime?
False
Is 293197577 a prim